d?
20
Let s be 1/(-52)*4 + (-16071)/(-39). What is the greatest common divisor of 309 and s?
103
Let l = 8812 - 8489. What is the greatest common divisor of l and 76?
19
Let l(s) = 3*s**2 - 13*s + 2. Let u be l(4). Let f be 51 - 0*u/10. Let t be (-309)/(-9) + 2/(-6). Calculate the highest common factor of f and t.
17
Let m(u) = -75*u + 66*u - 24 + 9 + 7*u**2. Let j be m(-7). What is the highest common divisor of j and 23?
23
Suppose 0 = 2*i - 256 + 36. Let b = -101 + i. Suppose 17 = b*h - 28. Calculate the greatest common factor of h and 45.
5
Let n be (23 - 6 - (-6 - (-18 - -4))) + 8995. What is the highest common factor of n and 8?
4
Let u = 1158 + -1083. What is the greatest common factor of 21 and u?
3
Suppose -74 = -13*q + 82. Let n be 1/(-5) - 252/(-60). Suppose -5*z - 4*x + 98 = 0, n*z + 0*x - 70 = x. What is the highest common factor of z and q?
6
Let v = -3113 + 3161. What is the highest common divisor of v and 98?
2
Suppose -f - 131 = -33*t + 32*t, -3*t = 2*f - 368. Calculate the highest common factor of 2502 and t.
18
Let p = 92 + -8. Suppose -144 = -3*y + 5*z, -2*z = -4*y - z + 192. What is the highest common factor of y and p?
12
Suppose 54*s - 59*s = 1445. Let v = -168 - s. Let p = -1 + v. What is the greatest common divisor of 48 and p?
24
Let b be ((-18)/(-5))/(52/1430). Suppose 61 + b = 2*y. Suppose y*x = 78*x + 320. Calculate the highest common divisor of x and 10.
10
Suppose 2*d + 724 = 2*f - 8*d, 3*d - 1698 = -5*f. Calculate the greatest common factor of 486 and f.
18
Let z(m) = m**3 - 10*m**2 - 37*m - 17. Let y be z(13). Suppose 0 = -y*j + 15*j - 48. Let d = 58 + -34. What is the greatest common factor of d and j?
8
Let g(j) = -j + 48. Suppose 6*n - 105 = 13*n. Let o be g(n). Calculate the greatest common divisor of 49 and o.
7
Let l(r) be the second derivative of -59*r**3/6 - 50*r**2 - 49*r - 2. Let b be l(-8). What is the greatest common divisor of 12 and b?
12
Suppose 3*f - 234 + 147 = 0. Let y(h) = -2*h + 76. Let j be y(f). Let a be 1*8 + 2/2. Calculate the greatest common factor of j and a.
9
Suppose 4*q = -13 + 25. Let n be 684*-1*(-2 - 1)/q. What is the greatest common factor of n and 36?
36
Let j(x) = -24*x**3 - 5*x**2 + 28*x + 36. Let b be j(-6). Calculate the highest common divisor of b and 126.
42
Let t(v) = 29 + 439*v - 465*v + 8 - 1. Let l be t(-4). What is the greatest common divisor of 56 and l?
28
Let l(g) = -2*g + 42. Let t(k) = k - 19. Let i be t(6). Let u be l(i). Calculate the highest common divisor of 238 and u.
34
Let h(j) = 24*j**3 - 9*j**2 - 6*j + 8. Let k be h(4). Calculate the greatest common divisor of k and 43.
43
Let d be 19 + 1/(2/(-6)). Let o(r) = -r - d*r + 586 - 618. Let z be o(-8). Calculate the greatest common divisor of 13 and z.
13
Suppose -489590 - 113698 = -266*d. What is the highest common factor of d and 238?
14
Let y = 139662 + -139564. Let c = -11 - -15. Suppose h - 2*b = 2*h - 8, c*b - 2 = -h. Calculate the highest common divisor of y and h.
14
Suppose 0 = 15*y + 388 - 568. What is the highest common divisor of y and 309?
3
Suppose -680 - 760 = 10*j. Let l be j/(-6)*(-2)/(-3). Let h be 6/6 + 1 + 110. Calculate the highest common divisor of l and h.
16
Let j = -54 + 6. Let x be (-5 - -2)/(18/j). Calculate the greatest common factor of x and 12.
4
Let a be 30*1/(-7)*7. Let z = a - -62. Suppose 12*x - 129 = 159. What is the greatest common divisor of z and x?
8
Suppose -3*d + 4*h + 50 - 11 = 0, -5*d = h - 42. Suppose -d*m + 980 = -10. Let c = -8 + 18. What is the greatest common divisor of m and c?
10
Suppose 0 = 2*j - j - 115. Let g be 76 - ((-91)/35*-5 - (26 - 20)). What is the greatest common factor of j and g?
23
Let g = 248 - -136. Suppose 128*z + 235800 = 3130*z + 273*z. What is the highest common divisor of z and g?
24
Let x(q) = -4*q - 61. Let m be x(-16). Suppose -m*k - 4*l = -l - 3219, -2*k + 2145 = l. What is the highest common divisor of 67 and k?
67
Let u = -2518 + 2613. What is the highest common factor of 7505 and u?
95
Suppose -3*a - 2*t = 2*a, 0 = -2*a - 3*t. Suppose -2*d - w + 230 = a, d + w - 115 = -0*w. What is the highest common divisor of d and 23?
23
Let m = -6625 + 6631. Calculate the greatest common divisor of 816 and m.
6
Let g = -1692 + 804. Let v = -338 - g. Calculate the highest common factor of 100 and v.
50
Suppose -r = -v + 7, 4*r + 8 = v - 5. Suppose 0*d - d + 401 = -5*a, v*d - a - 1981 = 0. What is the highest common factor of d and 44?
44
Let i = 8302 + -8275. What is the highest common divisor of 720 and i?
9
Let g(o) = 3*o**2 + 3*o - 62. Let i be g(6). Suppose -3*n + 2*l = -i, -7*n + 4*l = -2*n - 104. Calculate the greatest common factor of 84 and n.
12
Suppose 0 = -44*p + 16*p + 5712. Suppose 0 = -19*k + 100 + p. Calculate the greatest common divisor of k and 400.
16
Let r(a) = 40*a**2 - 217*a + 317. Let n be r(16). Calculate the greatest common divisor of 325 and n.
65
Let u = 1865 - 1718. Calculate the greatest common factor of u and 5439.
147
Suppose 144*j - 6077 + 8634 = 67501. Calculate the greatest common factor of 374 and j.
11
Let z be 16*1/(-4)*(-18 + 1 - -4). Suppose 5*b - 36 = -5*v - 1, 0 = 2*v - 4*b - 44. What is the highest common divisor of v and z?
4
Suppose 0 = 3*u - 5*b - 1110, 0 = 3*u + 5*b - 778 - 332. Suppose -157*q + 2320 = -41*q. Calculate the greatest common divisor of q and u.
10
Let c(t) = 108*t. Let v be c(1). Let k = 180089 - 180085. Calculate the greatest common divisor of k and v.
4
Suppose 6*i - 720 = i. Suppose -23*f + 27*f + 4*d - 144 = 0, -f = 3*d - 36. Calculate the greatest common divisor of f and i.
36
Let j be 1294 + 6 + 184/(-23). Calculate the highest common factor of j and 85.
17
Let w(k) = k**2 - 7*k - 312. Let a be w(-50). Calculate the highest common divisor of a and 2350.
94
Let y(a) = 2*a - 5. Let g be y(8). Suppose -3*d + 4*d = 45. Suppose -s + d = 3*o - 22, s - 2*o = 47. Calculate the greatest common factor of g and s.
11
Suppose -142*o - 34770 = -256*o. Calculate the greatest common factor of 671 and o.
61
Suppose 3*u + 2*w - 668 = -0*u, -4*w = 5*u - 1110. Let s = 275 - 263. Suppose -s*c + u = -62. Calculate the greatest common factor of c and 84.
12
Let z(x) = 115*x**2 + 592*x + 4701. Let s be z(-8). What is the greatest common factor of 175 and s?
25
Suppose 2940 = 456*p - 442*p. Calculate the greatest common divisor of p and 6.
6
Suppose 8062 = -364*h + 369*h + o, 5*o + 3214 = 2*h. What is the greatest common factor of 1976 and h?
52
Suppose m - 569 = -5*x - 145, -2*x = 2*m - 176. Suppose x = 2*r - k, 4*k = 2*r + 1 - 85. What is the highest common divisor of 476 and r?
14
Suppose -3*c - 874 = 4*c - 2778. Calculate the greatest common factor of c and 368.
16
Suppose 6*i - 105 = -x, 4*x - 233 - 292 = -3*i. Suppose -4*p = r - 59, 3*p + r - 74 = -2*p. What is the highest common factor of x and p?
15
Suppose -3*r + q + 12 = -2*r, 0 = 5*r + 2*q - 67. Suppose 333 = r*v - 57. Let d = 9 + 11. What is the greatest common factor of d and v?
10
Let x be 23/(5 - (16 + -12)). What is the greatest common divisor of 2461 and x?
23
Let z(o) = 11*o - 34. Let v be z(-12). Let h = -132 - v. Calculate the greatest common factor of h and 442.
34
Suppose 2*y - 27344 = -g + 38444, -y = -2*g - 32874. What is the greatest common divisor of y and 65?
65
Let x be (-2)/(-15) + (-5394)/(-45). Suppose 2*o = -78 + x. Calculate the greatest common factor of o and 84.
21
Let v = 11946 + -11918. What is the highest common divisor of v and 3668?
28
Suppose -2*l + 36 = q - 134, 4*l + q - 336 = 0. Let w = 102 - l. What is the greatest common divisor of 513 and w?
19
Let n be ((-2)/18)/(29/(-58)) - (-489038)/99. What is the greatest common factor of n and 40?
20
Let k = 163 - -27. Let p be (-6)/(-5)*5320/84. What is the greatest common divisor of k and p?
38
Suppose -70*j + 96 = -66*j. Suppose 0 = -h - 3*r, 6*h = h - 3*r + j. Calculate the greatest common factor of h and 8.
2
Let s(w) = 2*w**3 - 43*w**2 + 160*w + 39. Let t be s(17). What is the greatest common factor of t and 11218?
158
Let x(r) = r**3 + 10*r**2 - 2*r - 9. Suppose -4*o + 11 = h, 1 = -2*h - 2*o - 1. Let a be x(h). Calculate the greatest common divisor of a and 28.
14
Suppose 3*r - k = -17 + 25, 0 = -5*r - 5*k. Suppose r*a - 21 = -5*t, 9*a - 5*t = 14*a - 75. What 